65*x = -264*x - 3*d - 48575. Is x composite?
False
Suppose -5*d + u + 638808 = 0, 34*d - 383282 = 31*d + u. Is d composite?
False
Let a = -13649 + 19410. Is a prime?
False
Is (10/4 + 1)/(5/661530*3) composite?
True
Suppose 49*o = 88*o - 703599. Is o a composite number?
False
Let q = 89960 - -63857. Is q a composite number?
False
Suppose 9*i - 133547 = 4*i - 3*x, 0 = -3*i - 3*x + 80133. Suppose -s + i = 4*s - 3*h, -4*h + 4 = 0. Suppose -8*n + 1578 = -s. Is n composite?
True
Suppose 61*k - 59*k = -14, 4*g - 49725 = -k. Is g prime?
True
Suppose 396518 = 4*r - 3*u - 544290, -r = 4*u - 235183. Is r composite?
False
Let a = 21138 + 11269. Is a prime?
False
Let m(t) be the third derivative of 11*t**5/60 + 131*t**4/24 + 61*t**3/6 + 273*t**2. Is m(-29) prime?
False
Let c = 2958 + 17054. Suppose -3*n + c = 1262. Suppose 5*b = 5*i - 3540 + 11330, -4*b + n = 2*i. Is b a composite number?
True
Let u(j) = 28*j**3 + 7*j**2 - 11*j - 34. Let k be u(-8). Is 14/77 + k/(-22) a prime number?
False
Suppose 11*b = 5*b - 150. Let q(c) = -c**3 - 8*c**2 + 59*c - 35. Is q(b) a composite number?
True
Suppose 41*u - 6*u = 7183085. Is u composite?
True
Let w(b) = b**2 - 15*b + 18. Let y be 17/((-2)/(0 + -2)). Let u be w(y). Suppose -4*s + u = -6*q + 2*q, -4*s + 2*q + 56 = 0. Is s composite?
True
Let b(r) = -15*r**3 - 23*r**2 + 8*r - 73. Is b(-16) a composite number?
False
Let m(s) = 670*s - 221. Suppose -63*x + 170 = -58*x. Is m(x) a composite number?
True
Suppose -k + 2*t + 4184 = 590, 0 = -5*k + 2*t + 18010. Suppose 0 = -13*g + 17*g - k. Is g composite?
True
Let y = -43 - -45. Suppose 4*i = -3*m + 38, 2*m - 5*m + 28 = y*i. Suppose m*v - 6706 = -v. Is v a composite number?
True
Suppose -w = 5*l - 443, -w - l = 2*w - 1329. Suppose -4*r - 3*h + 12099 = 0, r + w = -2*h + 3464. Is r composite?
True
Let f(r) = 4*r + 36 + 87*r**2 - 2*r - 42. Let h(q) = -q**3 - 9*q**2 - q - 4. Let c be h(-9). Is f(c) composite?
False
Suppose u + 8*d - 13*d = 451164, 4*d = -3*u + 1353473. Is u prime?
True
Let x = 3772 - -26985. Is x a prime number?
True
Let x(u) = -5*u - 6. Let v be x(0). Let q be -4 - v/(-6)*-1. Is ((-1)/q*0 - 0) + 895 a prime number?
False
Let u = 27173 - 6456. Is u composite?
False
Let o(k) = k**2 + 9*k + 1. Let v be o(-6). Let m = 261 - v. Is m prime?
False
Suppose 3*g = 2*r - 29, 4*r = -0*g + 3*g + 43. Suppose 22043 = -r*m + 80976. Is m prime?
True
Suppose 0 = 3*i + 3*d - 826038, -468*d = -465*d + 3. Is i a prime number?
False
Suppose -30*f + 12731427 = 3724617. Is f a composite number?
True
Suppose 0*j + 3*j + 24 = 0. Let t(h) = h + 14. Let s be t(j). Is (-2 - -2571)*1 + -6 + s composite?
True
Let r = 71 + -66. Let d(i) = -i**2 + 5*i + 2. Let h be d(r). Suppose -2*g - 972 = -p - 3*g, h*p = 3*g + 1919. Is p a prime number?
True
Is 3*78705 + 3220/115 prime?
True
Suppose -382 = -4*u + 234. Suppose -250*h - 16371 = -97*h. Let k = u + h. Is k a prime number?
True
Let d = 1925341 - 894830. Is d a composite number?
False
Is (-136083)/(-1*(-21)/(-21)) composite?
True
Let b(y) = 498*y + 17. Let x = -293 - -315. Is b(x) composite?
False
Let z = 4304 - 310. Is z prime?
False
Let f = 19851 + 340. Is f prime?
False
Let u(v) = -8 - 66*v + 4 - 7. Let d be 164/(-205) - (-16)/(-5). Is u(d) a prime number?
False
Suppose 3*h + 3*u + 6 = 0, -u = -5*h - 4*u - 14. Is (12/2)/(h/2062*-1) composite?
True
Let j = 41376 - -123233. Is j composite?
True
Is 2631540/75 + (-56)/(-20) + -3 a composite number?
True
Suppose -115*r = -98*r + 15062. Let o = r - -1893. Is o a composite number?
True
Suppose -3*x + 3 = 18, 128291 = 4*c - 3*x. Is c a composite number?
False
Let s = 22 - 18. Let g be 2/(-4)*-70 + s. Suppose 6691 + g = 5*x. Is x a prime number?
False
Suppose 4*a = 25*a + 181902. Let h = -3483 - a. Is h prime?
True
Suppose z = 5*h - 4*z + 5, -2*z = h - 8. Suppose -3*t - 3*b = -761 - 214, 670 = h*t - 2*b. Is (1 + t)/((-2)/(-4)) a composite number?
True
Suppose -140768 = -4*o + 3*s, 191*o - 192*o = -2*s - 35187. Is o a composite number?
True
Suppose 3*b - 233 - 178 = 0. Let s = b + -71. Let n = s - -11. Is n a composite number?
True
Let t = 392 + -354. Suppose 0 = -t*a + 2649 + 133885. Is a composite?
False
Is (-3 + -21659)/(-5 - (40/15 - 7)) a prime number?
False
Let z(r) = 2230*r - 153. Let j be z(6). Suppose 0 = 3*d + 3*t - j, -2*t + t = 0. Is d prime?
True
Suppose -7*z + 7 = -7. Suppose -2*v + 4*b = -6*v + 20808, z*v - b = 10407. Let a = v + -2594. Is a composite?
False
Let s(b) = 3*b**3 + 6*b**2 - 2*b + 2. Suppose 0 = 3*o + 3*o + 18. Let m be s(o). Is -652*(-5 - m/4) composite?
False
Let c be (-12)/8*1*644/(-3). Suppose 0 = c*q - 319*q - 29061. Is q a prime number?
False
Suppose 12 = z + 23. Let q be 806/1 + (z - -8). Suppose 2*j - q = -25. Is j composite?
False
Let u(z) be the third derivative of 1601*z**5/60 + z**4/12 + z**3/3 - 2*z**2 - z. Is u(-1) prime?
True
Let k(b) = 36*b**2 - 54*b + 481. Is k(-176) a prime number?
True
Let l(k) be the first derivative of 31*k**6/180 + 13*k**5/120 - k**4/24 - 5*k**3/3 + 30. Let f(h) be the third derivative of l(h). Is f(-6) a prime number?
True
Suppose 0 = 3*w + 5*p - 32634, 0 = -w + 5*w + 3*p - 43501. Is w prime?
False
Suppose -25 = -2*f + 4*z - 11, -z = -2*f + 17. Suppose f*c + 2*u = 14*c - 7868, -3*c - 4*u + 4726 = 0. Is c composite?
True
Let t(q) = -2*q**3 + 7*q**2 + 10*q + 2. Let l(i) = i**3. Let r(o) = -4*l(o) - t(o). Let v be r(-6). Let y = 181 + v. Is y prime?
True
Let m be ((-114)/(-4))/((-15)/210). Let g = 1536 + -2332. Let n = m - g. Is n composite?
False
Let u(c) = -67*c - 15. Let v = 70 + -78. Let t be u(v). Let f = -360 + t. Is f composite?
True
Let z(n) = -243*n - 33. Let d be z(7). Let p = d + 3552. Suppose -3*r - r + 3*i + 3625 = 0, -2*r = 4*i - p. Is r a composite number?
False
Let o = 9268429 - 4817760. Is o composite?
False
Suppose 3*t + 2 - 5 = 0, -3*z - 2*t = 41566. Let g = 22870 + z. Is g prime?
False
Let z = -5975 + 11741. Suppose 4*h - 7690 = -25*s + 23*s, -z = -3*h - s. Is h composite?
True
Suppose 3*q = 3*h + 27, 0*q = -q + 5*h + 29. Suppose 4*x = -20, -4*x - 20 = -v + 4. Suppose 4*c = i - 70 + 839, q*c - 784 = v*i. Is c composite?
False
Let x be ((-12)/(-3))/(3/(-33) + 0). Is x*(-9)/108*1893 composite?
True
Is (6 - 24426/(-12))*((-1528)/3)/(-4) a composite number?
True
Suppose 4*g = 6*q - 3*q + 86, 2*g = 4*q + 38. Suppose -n + 26 = g. Suppose n*y + 1169 = 4*y. Is y a prime number?
False
Suppose 5 = 2*o - x + 4, -3*x + 5 = -2*o. Let u be (6/12)/(o/12). Suppose 4*h = 5*d + 1759, u*d = -3*h - 18 + 1371. Is h composite?
True
Let h be (4/(-6))/(1/15). Let w = 219 + h. Is w a prime number?
False
Let u(i) = -21271*i - 987. Is u(-4) prime?
False
Suppose -4*c = -i + 4213, -i = c + 23 - 4221. Is i a composite number?
False
Let p = -7988 + 84307. Is p composite?
True
Let j = -10181 - -20842. Suppose -5*g = -2*h + j, -3*h + g + 21015 - 5043 = 0. Is h a composite number?
False
Let m be (-4)/((16/(-6))/4). Let z(a) = 155*a + 5. Let c(f) = 464*f + 14. Let u(g) = 4*c(g) - 11*z(g). Is u(m) a prime number?
True
Let d be -2*761 + (-7 - -7). Let c = 631 - d. Is c composite?
False
Suppose 93099 = 4*i - 9*i - 2*h, -37251 = 2*i - 3*h. Let a = i - -28374. Is a composite?
True
Suppose 3*w - 12*w + 1319180 = -24187. Is w prime?
False
Let x = -56500 - -121815. Let c = x - 45936. Is c prime?
True
Let f(n) = -100111*n - 482. Is f(-1) prime?
False
Suppose -k = 4*i + 80, -3*k + i - 240 = -0*i. Let u = k - -80. Suppose -209 = -3*p - 5*t + 337, 4*p + 2*t - 742 = u. Is p composite?
True
Let l = 219076 + -66459. Is l a prime number?
True
Let i = -522 - -494. Is ((-8)/i)/((-2)/(-6874)) composite?
True
Let b(s) be the first derivative of s**3/3 - s**2/2 - 14*s - 13. Let o be b(-6). Suppose -1024 = -4*a - o. Is a composite?
True
Is (3 + 7 - (3 - 6))*2969 - 0 composite?
True
Suppose 100 - 264 = -4*q. Let x = q + -15. Suppose -x + 1884 = 2*p. Is p composite?
False
Let i(f) = 1146*f - 316. Let a(p) = -287*p + 79. Let m(d) = -9*a(d) - 2*i(d). Is m(22) composite?
False
Is 281030/18 - -8*(-20)/(-720) composite?
True
Let o be -4*(-27)/12*97. Suppose m - 2552 = -o. Is m a composite number?
True
Suppose 3*a = -4*j + 85267, -j + 134860 - 21175 = 4*a. Is a a prime number?
False
Let s = -24735 - -95672. Is s a composite number?
False
Suppose 5*x - 2*x = 6. Suppose g = -5*j 